common divisor of d and t.
3
Let h = 33 - 32. What is the highest common factor of 1 and h?
1
Let w(i) = i**2 + 5*i + 2. Suppose 2*u - 4*u + 12 = 0. Let a be w(u). Suppose 4 = 2*x - a. What is the greatest common divisor of x and 90?
18
Suppose 4*c - 216 = -24. What is the highest common divisor of 16 and c?
16
Let v = 11 + -23. Let p be 54/v*(-16)/6. Calculate the greatest common divisor of p and 12.
12
Let s = 69 + -31. Calculate the greatest common factor of 95 and s.
19
Suppose -2*w = 3*j - 36, j - 5*w = 19 + 10. Let o be (-8)/(-3)*(-6)/(-4). Suppose -j = -o*m + 10. What is the greatest common factor of 3 and m?
3
Suppose 0 = 5*z + 2*k + 5 - 3, -4 = -5*z + 4*k. Suppose z = -3*x + 6*x - 210. Let m = -42 + x. Calculate the highest common factor of 42 and m.
14
Let p(g) = -g - 6. Suppose -37 = 4*o + 7. Let l be p(o). Let n(y) = 29*y + 7. Let x be n(l). Calculate the highest common factor of x and 19.
19
Let u be 14/5 - 10/(-50). Suppose -26 = -d + 5*g, -4*d - g - u*g - 16 = 0. What is the greatest common divisor of d and 6?
1
Let t be 4/3*(-36)/(-8). Let b(p) = p**2 - 4*p - 8. Let w be b(t). Suppose o = -w*o + 320. Calculate the highest common divisor of 8 and o.
8
Let n = 545 - 244. Suppose -4*q + n + 339 = 0. What is the highest common divisor of 20 and q?
20
Let j = -23 - -67. What is the highest common factor of j and 22?
22
Suppose -4 = 2*l - 2. Let m be l*(-1)/1 - -12. Calculate the highest common divisor of m and 26.
13
Suppose -117 + 27 = -5*l. Calculate the highest common divisor of 6 and l.
6
Let p be (2 + 254)*39/52. What is the greatest common divisor of p and 24?
24
Let p be (0 - -4)*(0 - -36). Let n = p + -45. Calculate the highest common factor of n and 11.
11
Let z be 2*(-3)/(-12)*44. Suppose y + 5*r - 88 = 0, -4*y - 2*r + 352 = 2*r. What is the highest common divisor of y and z?
22
Let l = 502 - 143. Suppose s + 2*s - 109 = -p, 3*p - l = -s. Let z = -5 - -16. What is the highest common divisor of p and z?
11
Suppose 0 = -3*c + 7*c. Suppose -t + 5*f = -c*t + 23, -3*t - 2*f = -16. Let s be 22/(t + 0) - 0. What is the greatest common divisor of 33 and s?
11
Let w = -16 - -26. Let x = w + -7. What is the greatest common divisor of 30 and x?
3
Let n(y) = 2*y**2 + 5*y + 2. Suppose -7*w + 2*w - 15 = -5*b, -4*b - 4*w = -20. Let h be n(b). What is the highest common divisor of h and 6?
6
Let x = 6 + -1. Let a = -10 + 4. Let s be a/4*50/(-15). Calculate the highest common factor of x and s.
5
Suppose -m = -3*d - 3 + 1, 0 = 2*m + 2*d - 20. Calculate the highest common factor of 72 and m.
8
Suppose 0 = -6*y + 273 - 81. Calculate the greatest common factor of 8 and y.
8
Let d = 89 - 44. Calculate the highest common factor of 9 and d.
9
Let k = -46 - -76. Suppose 85 = 5*p + 4*b + 31, p - 4*b = 6. What is the greatest common divisor of k and p?
10
Let b(n) = n**2 - 4*n - 3. Let a be b(-2). Let p be a + (0 - (-2 + 4)). Suppose 0 = 5*o - 43 - p. Calculate the highest common factor of o and 110.
10
Suppose 3*k + 218 = 2*o, k + 2*k = 6. What is the greatest common divisor of 16 and o?
16
Suppose -2*c + 84 = w - 88, -3*w + 348 = 4*c. Calculate the greatest common divisor of 21 and c.
21
Let w = 302 + -203. Suppose -2*z + 31 = -77. Let c = w - z. What is the highest common factor of 15 and c?
15
Suppose 3*x + 2 = 5. Let n = x - 0. What is the highest common divisor of 7 and n?
1
Let v be (4 - 0)*1/2. Suppose v*n - 4 = -2. Suppose -2*w + 31 = -n. What is the greatest common divisor of 2 and w?
2
Suppose -7 - 3 = -2*d. Suppose -5*k - 2*n + 7*n = -95, 0 = -d*k + 2*n + 86. Suppose -3*q = -4*q + k. What is the greatest common divisor of 4 and q?
4
Let i(a) = -629*a + 1. Let k = 3 + -4. Let q be i(k). Suppose 8*c - 3*c = q. What is the highest common divisor of c and 14?
14
Let o(s) = s**3 - 5*s**2 + 5*s. Let t be o(4). Suppose 5*l = -3*a + 11 + 6, 44 = t*a - 4*l. Calculate the greatest common factor of 45 and a.
9
Let n(r) = -r**2 - r - 1. Let q(o) = -o**3 + 3*o**2 + 6. Let w(f) = 6*n(f) + q(f). Let c be w(-5). Calculate the greatest common factor of 32 and c.
16
Let v be (12/10)/((-10)/(-25)). Let s be (v/9)/((-3)/(-18)). Let l be 0 + s*12 - 2. Calculate the highest common divisor of 22 and l.
22
Let h = 152 + -75. Let b = 10 + -3. Calculate the greatest common factor of h and b.
7
Suppose -5*k + 30 = -3*k. Suppose 3*l + 0*l - 29 = -5*w, w + k = l. What is the greatest common factor of l and 52?
13
Let c = 97 + -29. Calculate the highest common divisor of c and 102.
34
Let u(l) = l**3 + 6*l**2 - 5*l - 6. Let c be u(-6). What is the greatest common factor of c and 12?
12
Suppose -b = -4 + 1. Suppose f - 2*l = 1, 5*f - 2 = 4*l + b. What is the highest common divisor of 4 and f?
1
Let p(m) = m**2 + m. Let j(x) = -64*x**3 + 5*x**2 + 4*x. Let a(v) = j(v) - 4*p(v). Let c be a(-1). Calculate the highest common divisor of 13 and c.
13
Let d = -244 - -376. What is the highest common factor of d and 33?
33
Let d be 1/(-5) - 18/(-15). Suppose 2 = 3*k - d. What is the highest common divisor of 9 and k?
1
Suppose 6*f + 140 = 11*f. What is the greatest common divisor of 70 and f?
14
Let w be (-1 - 3) + 50 + -2. Let a = -2 - -6. Calculate the highest common factor of a and w.
4
Let s(l) be the first derivative of l**4/4 - 8*l**3/3 - 2*l**2 - l - 2. Let y be s(9). What is the greatest common divisor of y and 4?
4
Let b be (0 - 3)/(15/(-45)). What is the highest common factor of b and 6?
3
Let g(r) = 2*r**3 - r**2. Suppose 3*s - 3 = 3. Let i be g(s). Let n(w) = 9*w - 6. Let v be n(6). What is the highest common factor of i and v?
12
Let j = 6 - -12. Calculate the highest common factor of 90 and j.
18
Let x(u) = -u**3 - u. Let d be x(0). Let i = -23 + 38. Suppose d = v + 7 - 2, -5*r - 5*v = -i. What is the greatest common factor of r and 4?
4
Suppose -3*l = -17 - 4. Calculate the greatest common divisor of l and 28.
7
Let l = 8 - 6. Suppose -l*q + 22 = -24. Suppose 0 = 4*n - h - q, -3*n - 2*h + 9 = -0*h. What is the highest common divisor of n and 5?
5
Suppose -6*z = 7*z - 104. Calculate the highest common factor of 24 and z.
8
Suppose 233 - 1273 = -5*p. Calculate the highest common divisor of p and 52.
52
Suppose w + w - 66 = -4*o, 4 = o + 3*w. What is the highest common divisor of 171 and o?
19
Let x(c) = c**3 + 6*c**2 + 6*c + 2. Let a be x(-5). Let p be 3/(a/(-2)) + -1. Calculate the greatest common divisor of 1 and p.
1
Let i be (1/1 - 3)*-1. Let o be (6/(-7))/((-689)/(-364) + -2). Calculate the highest common divisor of i and o.
2
Suppose 4*g - 338 + 95 = -p, 2*g = 4*p - 918. Let o(l) = l**2 + 7*l + 3. Let x be o(-9). What is the greatest common divisor of x and p?
21
Let m(i) = -i**3 + 8*i**2 - 5*i - 4. Let o(k) = -k + 1. Let l be o(-6). Let f be m(l). What is the greatest common factor of 80 and f?
10
Let f be 1/2 - (-38)/4. Let i(r) = -12*r - 1. Let q be i(-6). Let u = q - 46. Calculate the highest common divisor of u and f.
5
Let y be (-1 - (-9)/15)*5. Let b(x) = x**2 + 1. Let f be b(y). Let t = 12 - -3. What is the greatest common divisor of f and t?
5
Suppose o - 24 = 5*o. Let z be (-113)/o + 1/6. Let k = 3 - -35. What is the highest common factor of z and k?
19
Suppose -4*x = 5*u - 20, 4*x - 4*u = 5*x + 6. Let f be 2/x + (-38)/(-10). Suppose -16 + f = -g. What is the greatest common divisor of g and 4?
4
Suppose -520 = -5*a + 5*i, 0 = -0*a + 3*a - 2*i - 308. Suppose -11*n + 109 + 1 = 0. Calculate the highest common divisor of n and a.
10
Let r = 2 - -1. Let h = r - 9. Let v be 244/12 - (-2)/h. Calculate the greatest common factor of 4 and v.
4
Let t be 1/(-1) + 0 + 3. Let c(x) = 23*x**2 - 2*x. Let g be c(t). Let q be (g/32)/((-2)/(-8)). Calculate the highest common factor of q and 1.
1
Suppose 6*b - 3*b + 24 = 4*c, -14 = 2*c + 5*b. Suppose 0 = -0*g + c*g - 42. Let t be g/(-91) - 275/(-13). Calculate the highest common factor of 168 and t.
21
Let s(x) = 70*x - 1. Let f be s(3). Calculate the highest common divisor of f and 19.
19
Suppose 5*i - 14 = -4. Suppose -3*h = -5*f - 3, 24 = 2*h + h + i*f. Calculate the greatest common divisor of h and 66.
6
Suppose -634 + 151 = -3*m. Let d = 32 - 9. What is the greatest common factor of m and d?
23
Suppose 0*q - 4*q + 5*g + 18 = 0, 5*q - 8 = -g. Suppose -2*d - q*d - 12 = 0, c + d = 7. What is the highest common